4.
19
What is the remainder when 4568 is divided by 9?
5
Calculate the remainder when 4416 is divided by 36.
24
What is the remainder when 2196 is divided by 48?
36
What is the remainder when 19417 is divided by 4809?
181
What is the remainder when 17203 is divided by 77?
32
What is the remainder when 29636 is divided by 195?
191
What is the remainder when 289638 is divided by 260?
258
What is the remainder when 6565 is divided by 505?
0
What is the remainder when 4932573 is divided by 1033?
1031
What is the remainder when 7403 is divided by 2450?
53
Calculate the remainder when 8005 is divided by 3974.
57
Calculate the remainder when 507 is divided by 318.
189
Calculate the remainder when 56340 is divided by 128.
20
Calculate the remainder when 75477 is divided by 222.
219
Calculate the remainder when 1317866 is divided by 1183.
4
What is the remainder when 27859 is divided by 10?
9
Calculate the remainder when 147975 is divided by 49323.
6
What is the remainder when 11839 is divided by 304?
287
What is the remainder when 7925 is divided by 105?
50
Calculate the remainder when 805381 is divided by 376.
365
Calculate the remainder when 35170 is divided by 35.
30
Calculate the remainder when 14090 is divided by 241.
112
What is the remainder when 16108 is divided by 337?
269
Calculate the remainder when 72082 is divided by 89.
81
What is the remainder when 171356 is divided by 560?
556
Calculate the remainder when 3515 is divided by 17.
13
Calculate the remainder when 40034 is divided by 51.
50
Calculate the remainder when 5510 is divided by 6.
2
Calculate the remainder when 41733 is divided by 197.
166
Calculate the remainder when 329833 is divided by 56.
49
Calculate the remainder when 8451 is divided by 425.
376
Calculate the remainder when 382985 is divided by 948.
941
Calculate the remainder when 21689 is divided by 146.
81
Calculate the remainder when 3126 is divided by 54.
48
Calculate the remainder when 4433 is divided by 2.
1
What is the remainder when 129717 is divided by 79?
78
Calculate the remainder when 341240 is divided by 57.
38
Calculate the remainder when 3106119 is divided by 2680.
2679
Calculate the remainder when 2342 is divided by 899.
544
What is the remainder when 595251 is divided by 98?
97
Calculate the remainder when 53329 is divided by 225.
4
Calculate the remainder when 2087 is divided by 682.
41
What is the remainder when 14107 is divided by 36?
31
Calculate the remainder when 6101 is divided by 34.
15
Calculate the remainder when 144448 is divided by 48145.
13
What is the remainder when 21832 is divided by 168?
160
Calculate the remainder when 2170 is divided by 2159.
11
Calculate the remainder when 288833 is divided by 161.
160
Calculate the remainder when 585 is divided by 545.
40
What is the remainder when 285672 is divided by 142836?
0
Calculate the remainder when 175776 is divided by 630.
6
What is the remainder when 3095 is divided by 1459?
177
Calculate the remainder when 633 is divided by 559.
74
Calculate the remainder when 131398 is divided by 120.
118
What is the remainder when 32641 is divided by 10874?
19
What is the remainder when 91109 is divided by 30361?
26
Calculate the remainder when 59382 is divided by 571.
569
Calculate the remainder when 1982 is divided by 296.
206
Calculate the remainder when 58980 is divided by 500.
480
What is the remainder when 2023 is divided by 2022?
1
Calculate the remainder when 9870 is divided by 106.
12
What is the remainder when 18517 is divided by 1089?
4
Calculate the remainder when 7098 is divided by 507.
0
Calculate the remainder when 390777 is divided by 195.
192
What is the remainder when 2462 is divided by 410?
2
Calculate the remainder when 6238 is divided by 79.
76
What is the remainder when 125189 is divided by 130?
129
What is the remainder when 25907 is divided by 25216?
691
What is the remainder when 9602 is divided by 81?
44
Calculate the remainder when 5041 is divided by 249.
61
What is the remainder when 258423 is divided by 98?
95
Calculate the remainder when 400 is divided by 33.
4
What is the remainder when 601 is divided by 321?
280
Calculate the remainder when 131808 is divided by 21.
12
What is the remainder when 81166 is divided by 26?
20
Calculate the remainder when 342609 is divided by 307.
304
Calculate the remainder when 76775 is divided by 232.
215
What is the remainder when 173042 is divided by 26?
12
Calculate the remainder when 657 is divided by 129.
12
What is the remainder when 15456 is divided by 15429?
27
What is the remainder when 709141 is divided by 44?
37
Calculate the remainder when 178186 is divided by 44531.
62
What is the remainder when 1560709 is divided by 23?
21
Calculate the remainder when 75514 is divided by 8386.
40
Calculate the remainder when 57251 is divided by 11446.
21
Calculate the remainder when 74624 is divided by 37302.
20
Calculate the remainder when 1344559 is divided by 17.
12
Calculate the remainder when 15036 is divided by 3758.
4
Calculate the remainder when 52962 is divided by 329.
322
Calculate the remainder when 182895 is divided by 21.
6
Calculate the remainder when 131903 is divided by 65950.
3
Calculate the remainder when 102597 is divided by 15.
12
What is the remainder when 30873 is divided by 13?
11
Calculate the remainder when 4891 is divided by 1551.
238
What is the remainder when 24867 is divided by 857?
14
Calculate the remainder when 33806 is divided by 943.
801
Calculate the remainder when 3838 is divided by 1690.
458
Calculate the remainder when 11429 is divided by 43.
34
What is the remainder when 3931 is divided by 98?
11
What is the remainder when 77239 is divided by 157?
152
Calculate the remainder when 3544 is divided by 252.
16
What is the remainder when 22800 is divided by 362?
356
What is the remainder when 8909 is divided by 1106?
61
What is the remainder when 8337 is divided by 30?
27
Calculate the remainder when 34523 is divided by 123.
83
Calculate the remainder when 20411 is divided by 923.
105
What is the remainder when 8243 is divided by 4115?
13
Calculate the remainder when 7253 is divided by 655.
48
What is the remainder when 79415 is divided by 533?
531
What is the remainder when 1964 is divided by 8?
4
What is the remainder when 1424862 is divided by 8?
6
What is the remainder when 4971 is divided by 2468?
35
What is the remainder when 1483 is divided by 154?
97
Calculate the remainder when 1717 is divided by 315.
142
What is the remainder when 1279443 is divided by 94?
9
What is the remainder when 2321 is divided by 101?
99
Calculate the remainder when 44581 is divided by 109.
0
Calculate the remainder when 2545 is divided by 323.
284
Calculate the remainder when 98325 is divided by 17.
14
Calculate the remainder when 486 is divided by 26.
18
Calculate the remainder when 13870 is divided by 257.
249
Calculate the remainder when 10454 is divided by 249.
245
Calculate the remainder when 7934 is divided by 250.
184
What is the remainder when 15050 is divided by 28?
14
Calculate the remainder when 74 is divided by 65.
9
Calculate the remainder when 3987 is divided by 33.
27
What is the remainder when 1290351 is divided by 28?
27
Calculate the remainder when 45071 is divided by 270.
251
Calculate the remainder when 221944 is divided by 213.
211
What is the remainder when 21254 is divided by 4244?
34
What is the remainder when 15398 is divided by 15?
8
Calculate the remainder when 7373 is divided by 2.
1
Calculate the remainder when 126703 is divided by 102.
19
Calculate the remainder when 113825 is divided by 459.
452
Calculate the remainder when 9880 is divided by 3011.
847
What is the remainder when 2437 is divided by 106?
105
What is the remainder when 56320 is divided by 75?
70
What is the remainder when 754336 is divided by 494?
492
What is the remainder when 35746 is divided by 1323?
25
Calculate the remainder when 2495 is divided by 431.
340
Calculate the remainder when 521 is divided by 118.
49
Calculate the remainder when 9458 is divided by 2313.
206
What is the remainder when 5394 is divided by 1075?
19
What is the remainder when 8074 is divided by 2016?
10
Calculate the remainder when 2145 is divided by 102.
3
Calculate the remainder when 2324063 is divide